{"id":12809,"date":"2024-10-23T09:28:36","date_gmt":"2024-10-23T07:28:36","guid":{"rendered":"https:\/\/congresomasculinidades3.umh.es\/?page_id=12809"},"modified":"2024-10-24T08:31:16","modified_gmt":"2024-10-24T06:31:16","slug":"english-rationale","status":"publish","type":"page","link":"https:\/\/congresomasculinidades3.umh.es\/en\/english-rationale\/","title":{"rendered":"RATIONALE"},"content":{"rendered":"<p>[et_pb_section fb_built=&#8221;1&#8243; _builder_version=&#8221;4.16&#8243; background_color=&#8221;#000000&#8243; custom_padding=&#8221;0px||0px|||&#8221; global_colors_info=&#8221;{}&#8221;][et_pb_row _builder_version=&#8221;4.16&#8243; global_colors_info=&#8221;{}&#8221;][et_pb_column type=&#8221;4_4&#8243; _builder_version=&#8221;4.16&#8243; global_colors_info=&#8221;{}&#8221;][et_pb_image src=&#8221;https:\/\/congresomasculinidades3.umh.es\/files\/2022\/03\/4CABECERA-cimascigual2.jpg&#8221; alt=&#8221;Segundo Congreso Internacional Sobre Masculinidades e Igualdad Educaci\u00f3n para la igualdad y Co(Educaci\u00f3n)&#8221; url=&#8221;https:\/\/congresomasculinidades2.umh.es\/&#8221; _builder_version=&#8221;4.16&#8243; global_colors_info=&#8221;{}&#8221;][\/et_pb_image][\/et_pb_column][\/et_pb_row][\/et_pb_section][et_pb_section fb_built=&#8221;1&#8243; fullwidth=&#8221;on&#8221; _builder_version=&#8221;4.16&#8243; global_colors_info=&#8221;{}&#8221;][et_pb_fullwidth_menu menu_id=&#8221;7135&#8243; fullwidth_menu=&#8221;off&#8221; active_link_color=&#8221;#E76996&#8243; _builder_version=&#8221;4.16&#8243; menu_font=&#8221;|700||on|||||&#8221; menu_text_color=&#8221;#FFFFFF&#8221; menu_font_size=&#8221;14pt&#8221; background_color=&#8221;#3A3B3D&#8221; text_orientation=&#8221;center&#8221; border_color_all=&#8221;#E02B20&#8243; global_colors_info=&#8221;{}&#8221; border_width_all__hover_enabled=&#8221;off|hover&#8221; menu_text_color__hover_enabled=&#8221;on|hover&#8221; menu_text_color__hover=&#8221;#E76996&#8243;][\/et_pb_fullwidth_menu][\/et_pb_section][et_pb_section fb_built=&#8221;1&#8243; admin_label=&#8221;section&#8221; _builder_version=&#8221;4.16&#8243; global_colors_info=&#8221;{}&#8221;][et_pb_row admin_label=&#8221;row&#8221; _builder_version=&#8221;4.16&#8243; background_size=&#8221;initial&#8221; background_position=&#8221;top_left&#8221; background_repeat=&#8221;repeat&#8221; global_colors_info=&#8221;{}&#8221;][et_pb_column type=&#8221;4_4&#8243; _builder_version=&#8221;4.16&#8243; custom_padding=&#8221;|||&#8221; global_colors_info=&#8221;{}&#8221; custom_padding__hover=&#8221;|||&#8221;][et_pb_text admin_label=&#8221;Text&#8221; _builder_version=&#8221;4.17.4&#8243; text_font_size=&#8221;16px&#8221; background_size=&#8221;initial&#8221; background_position=&#8221;top_left&#8221; background_repeat=&#8221;repeat&#8221; global_colors_info=&#8221;{}&#8221;]<\/p>\n<h1 style=\"text-align: center;\"><span style=\"color: #000000;\"><b>RATIONALE<\/b><\/span><\/h1>\n<p>[\/et_pb_text][et_pb_text admin_label=&#8221;Text&#8221; _builder_version=&#8221;4.17.4&#8243; text_font_size=&#8221;16px&#8221; background_size=&#8221;initial&#8221; background_position=&#8221;top_left&#8221; background_repeat=&#8221;repeat&#8221; global_colors_info=&#8221;{}&#8221;]<\/p>\n<p style=\"text-align: justify;\">In the Round Table: &#8220;The role of the media: in search of pro-equalitarian male role models&#8221;, held on October 21, 2022 at CIMASCIGUAL II, whose four speakers were experts from different media: Victoria Maso (\u00c0 Punt Media TV), Carolina Pecharrom\u00e1n (TVE. Objetivo Igualdad), Ana Requena Aguilar (eldiario.es) and Marta Pastor (RTVE. Ellas pueden. Radio 5), showed the need to work on pro-equal masculinities in the audiovisual and communication media, a topic that is still hardly addressed today.<\/p>\n<p style=\"text-align: justify;\">For this reason, this CIMASCIGUAL III aims to promote a collective reflection in the audiovisual and communication media on the need for their involvement in the issue of gender equality between women and men, through the audiovisual representations that will be shown. Themes such as gender equality, the socio-cultural construction of masculinity, the prevention of gender violence against boys, young men and men, corporeality and care, sport, male sexuality (pornography, prostitution, etc.), co-responsibility, emotions, religion, leisure, etc. will be addressed. <\/p>\n<p style=\"text-align: justify;\">We will pay special attention to audiovisual products that promote non-macho, depatriarchalized and pro-equal masculinities.<\/p>\n<p style=\"text-align: justify;\">We will present the gender perspective, the feminist approach and intersectionality in a transversal way. We will present lectures, papers and communications from different countries, universities and disciplines.<\/p>\n<p style=\"text-align: justify;\">The main objective of this event (in which numerous media and audiovisual media, Spanish and foreign universities, companies and foundations, municipalities and associations of women and men of equal status, various masters and doctoral programs in gender studies, etc. will collaborate) is to hold an international academic congress focused on the socialization exerted by the cultural industries, audiovisual and communication media in relation to gender equality or inequality in the child, adolescent, young and adult population. ) is to hold an international academic congress focused on the socialization exercised by cultural industries, audiovisual and communication media in relation to gender equality or inequality in the child, adolescent, young and adult population, focusing on the representations of men and masculinity.<\/p>\n<p style=\"text-align: justify;\">As we always defend from CIMASCIGUAL, nobody said that gender equality is something that can be achieved quickly and easily, but we have no doubt that without men this goal will be impossible to achieve. In addition to legal-normative gender equality (which we already have in our country), in order to achieve real and effective equality in all social spheres and in everyday life, men must join this feminist social revolution\/transformation, and for this the celebration of this type of congresses focused on the representations of men and masculinities in media is essential.<\/p>\n<p>[\/et_pb_text][\/et_pb_column][\/et_pb_row][\/et_pb_section][et_pb_section fb_built=&#8221;1&#8243; disabled_on=&#8221;on|on|on&#8221; _builder_version=&#8221;4.17.4&#8243; _module_preset=&#8221;default&#8221; disabled=&#8221;on&#8221; global_colors_info=&#8221;{}&#8221;][et_pb_row _builder_version=&#8221;4.17.4&#8243; _module_preset=&#8221;default&#8221; global_colors_info=&#8221;{}&#8221;][et_pb_column type=&#8221;4_4&#8243; _builder_version=&#8221;4.17.4&#8243; _module_preset=&#8221;default&#8221; global_colors_info=&#8221;{}&#8221;][:en _i=&#8221;0&#8243; _address=&#8221;3.0.0.0&#8243; theme_builder_area=&#8221;post_content&#8221; \/][: _i=&#8221;1&#8243; _address=&#8221;3.0.0.1&#8243; theme_builder_area=&#8221;post_content&#8221; \/][\/et_pb_column][\/et_pb_row][\/et_pb_section]<\/p>\n","protected":false},"excerpt":{"rendered":"<p>RATIONALEIn the Round Table: &#8220;The role of the media: in search of pro-equalitarian male role models&#8221;, held on October 21, 2022 at CIMASCIGUAL II, whose four speakers were experts from different media: Victoria Maso (\u00c0 Punt Media TV), Carolina Pecharrom\u00e1n (TVE. Objetivo Igualdad), Ana Requena Aguilar (eldiario.es) and Marta Pastor (RTVE. Ellas pueden. Radio 5), [&hellip;]<\/p>\n","protected":false},"author":3782,"featured_media":0,"parent":0,"menu_order":3,"comment_status":"closed","ping_status":"closed","template":"","meta":{"_et_pb_use_builder":"on","_et_pb_old_content":"<p>[et_pb_section fb_built=\"1\" _builder_version=\"4.2.2\" background_color=\"#000000\" custom_padding=\"0px||0px|||\" global_module=\"5968\" global_colors_info=\"{}\"][et_pb_row _builder_version=\"4.16\" global_colors_info=\"{}\"][et_pb_column type=\"4_4\" _builder_version=\"4.16\" global_colors_info=\"{}\"][et_pb_image src=\"https:\/\/congresomasculinidades3.umh.es\/files\/2022\/03\/4CABECERA-cimascigual2.jpg\" alt=\"Segundo Congreso Internacional Sobre Masculinidades e Igualdad Educaci\u00f3n para la igualdad y Co(Educaci\u00f3n)\" url=\"https:\/\/congresomasculinidades2.umh.es\/\" _builder_version=\"4.16\" global_colors_info=\"{}\"][\/et_pb_image][\/et_pb_column][\/et_pb_row][\/et_pb_section][et_pb_section fb_built=\"1\" fullwidth=\"on\" _builder_version=\"4.16\" global_colors_info=\"{}\"][et_pb_fullwidth_menu menu_id=\"7135\" fullwidth_menu=\"off\" active_link_color=\"#E76996\" _builder_version=\"4.16\" menu_font=\"|700||on|||||\" menu_text_color=\"#FFFFFF\" menu_font_size=\"14pt\" background_color=\"#3A3B3D\" text_orientation=\"center\" border_color_all=\"#E02B20\" global_colors_info=\"{}\" border_width_all__hover_enabled=\"off|hover\" menu_text_color__hover_enabled=\"on|hover\" menu_text_color__hover=\"#E76996\"][\/et_pb_fullwidth_menu][\/et_pb_section][et_pb_section fb_built=\"1\" admin_label=\"section\" _builder_version=\"4.16\" global_colors_info=\"{}\"][et_pb_row admin_label=\"row\" _builder_version=\"4.16\" background_size=\"initial\" background_position=\"top_left\" background_repeat=\"repeat\" global_colors_info=\"{}\"][et_pb_column type=\"4_4\" _builder_version=\"4.16\" custom_padding=\"|||\" global_colors_info=\"{}\" custom_padding__hover=\"|||\"][et_pb_text admin_label=\"Text\" _builder_version=\"4.16\" text_font_size=\"16px\" background_size=\"initial\" background_position=\"top_left\" background_repeat=\"repeat\" global_colors_info=\"{}\"]<\/p><h1 style=\"text-align: center;\"><span style=\"color: #000000;\"><b>JUSTIFICACI\u00d3N<\/b><\/span><\/h1><p>[\/et_pb_text][et_pb_text admin_label=\"Text\" _builder_version=\"4.17.4\" text_font_size=\"16px\" background_size=\"initial\" background_position=\"top_left\" background_repeat=\"repeat\" hover_enabled=\"0\" global_colors_info=\"{}\" sticky_enabled=\"0\"]<\/p><p style=\"text-align: justify;\">En la Mesa Redonda: \u201cEl Papel de los Medios de Comunicaci\u00f3n: en busca de referentes de modelos de hombres pro-igualitarios\u201d, celebrada el 21 de octubre de 2022 en el CIMASCIGUAL II, cuyas cuatro ponentes fueron expertas de diversos medios de comunicaci\u00f3n:\u00a0 Victoria Maso (\u00c0 Punt Media TV), Carolina Pecharrom\u00e1n (TVE. Objetivo Igualdad), Ana Requena Aguilar (eldiario.es) y Marta Pastor (RTVE. Ellas pueden. Radio 5), se evidenci\u00f3 la necesidad de trabajar las masculinidades proigualitarias en los medios audiovisuales y de comunicaci\u00f3n, tema apenas tratado a\u00fan hoy en d\u00eda.<\/p><p style=\"text-align: justify;\">Por ello, en este CIMASCIGUAL III se pretende favorecer una reflexi\u00f3n colectiva en los medios audiovisuales y de comunicaci\u00f3n sobre la necesidad de su implicaci\u00f3n en la cuesti\u00f3n de la igualdad de g\u00e9nero entre mujeres y hombres, a trav\u00e9s de las representaciones audiovisuales que se muestren. Se abordar\u00e1n tem\u00e1ticas tales como: la igualdad de g\u00e9nero, la construcci\u00f3n sociocultural de la masculinidad, la prevenci\u00f3n de las violencias de g\u00e9nero destinada a ni\u00f1os, j\u00f3venes y hombres, la corporalidad y el cuidado, el deporte, la sexualidad masculina (pornograf\u00eda, prostituci\u00f3n, etc.), la corresponsabilidad, las emociones, la religi\u00f3n, el ocio, etc.<\/p><p style=\"text-align: justify;\">Daremos especial atenci\u00f3n a los productos audiovisuales que promuevan masculinidades no machistas, despatriarcalizadas y proigualitarias.<\/p><p style=\"text-align: justify;\">Tendremos presente de manera transversal la perspectiva de g\u00e9nero, el enfoque feminista y la interseccionalidad. Presentaremos conferencias, ponencias y comunicaciones procedentes de diversos pa\u00edses, universidades, disciplinas.<\/p><p style=\"text-align: justify;\">Nuestro prop\u00f3sito prioritario en este evento (en el que colaborar\u00e1n numerosos medios de comunicaci\u00f3n y audiovisuales, universidades espa\u00f1olas y extranjeras, empresas y fundaciones, ayuntamientos y mancomunidades, asociaciones de mujeres y de hombres igualitarios, diversos m\u00e1steres y doctorados de estudios de g\u00e9nero, etc.) es celebrar un congreso acad\u00e9mico internacional enfocado en la socializaci\u00f3n que ejercen las industrias culturales, los medios audiovisuales y los de comunicaci\u00f3n en relaci\u00f3n a la igualdad o desigualdad de g\u00e9nero de la poblaci\u00f3n infantil, adolescente, joven y adulta, centr\u00e1ndonos en las representaciones de los varones y la masculinidad.<\/p><p style=\"text-align: justify;\">Como siempre defendemos desde el CIMASCIGUAL, nadie dijo que la igualdad de g\u00e9nero sea algo que se consiga r\u00e1pida y f\u00e1cilmente, pero no nos cabe la menor duda de que sin los hombres, esa meta ser\u00e1 imposible de alcanzar. Para que adem\u00e1s de la igualdad de g\u00e9nero legal-normativa (que ya tenemos en nuestro pa\u00eds) se consiga la verdadera igualdad real y efectiva en todas las esferas sociales y en la cotidianidad, han de sumarse los hombres a esta revoluci\u00f3n\/transformaci\u00f3n social feminista, y para ello, la celebraci\u00f3n de este tipo de congresos centrados en las representaciones de los hombres y las masculinidades en los medios de comunicaci\u00f3n y audiovisuales resulta imprescindible.<\/p><p>[\/et_pb_text][\/et_pb_column][\/et_pb_row][\/et_pb_section]<\/p>","_et_gb_content_width":"","_links_to":"","_links_to_target":""},"_links":{"self":[{"href":"https:\/\/congresomasculinidades3.umh.es\/en\/wp-json\/wp\/v2\/pages\/12809"}],"collection":[{"href":"https:\/\/congresomasculinidades3.umh.es\/en\/wp-json\/wp\/v2\/pages"}],"about":[{"href":"https:\/\/congresomasculinidades3.umh.es\/en\/wp-json\/wp\/v2\/types\/page"}],"author":[{"embeddable":true,"href":"https:\/\/congresomasculinidades3.umh.es\/en\/wp-json\/wp\/v2\/users\/3782"}],"replies":[{"embeddable":true,"href":"https:\/\/congresomasculinidades3.umh.es\/en\/wp-json\/wp\/v2\/comments?post=12809"}],"version-history":[{"count":0,"href":"https:\/\/congresomasculinidades3.umh.es\/en\/wp-json\/wp\/v2\/pages\/12809\/revisions"}],"wp:attachment":[{"href":"https:\/\/congresomasculinidades3.umh.es\/en\/wp-json\/wp\/v2\/media?parent=12809"}],"curies":[{"name":"wp","href":"https:\/\/api.w.org\/{rel}","templated":true}]}}

<p>[et_pb_section fb_built=&#8221;1&#8243; _builder_version=&#8221;4.16&#8243; background_color=&#8221;#000000&#8243; custom_padding=&#8221;0px||0px|||&#8221; global_colors_info=&#8221;{}&#8221;][et_pb_row _builder_version=&#8221;4.16&#8243; global_colors_info=&#8221;{}&#8221;][et_pb_column type=&#8221;4_4&#8243; _builder_version=&#8221;4.16&#8243; global_colors_info=&#8221;{}&#8221;][et_pb_image src=&#8221;https://congresomasculinidades3.umh.es/files/2022/03/4CABECERA-cimascigual2.jpg&#8221; alt=&#8221;Segundo Congreso Internacional Sobre Masculinidades e Igualdad Educación para la igualdad y Co(Educación)&#8221; url=&#8221;https://congresomasculinidades2.umh.es/&#8221; _builder_version=&#8221;4.16&#8243; global_colors_info=&#8221;{}&#8221;][/et_pb_image][/et_pb_column][/et_pb_row][/et_pb_section][et_pb_section fb_built=&#8221;1&#8243; fullwidth=&#8221;on&#8221; _builder_version=&#8221;4.16&#8243; global_colors_info=&#8221;{}&#8221;][et_pb_fullwidth_menu menu_id=&#8221;7135&#8243; fullwidth_menu=&#8221;off&#8221; active_link_color=&#8221;#E76996&#8243; _builder_version=&#8221;4.16&#8243; menu_font=&#8221;|700||on|||||&#8221; menu_text_color=&#8221;#FFFFFF&#8221; menu_font_size=&#8221;14pt&#8221; background_color=&#8221;#3A3B3D&#8221; text_orientation=&#8221;center&#8221; border_color_all=&#8221;#E02B20&#8243; global_colors_info=&#8221;{}&#8221; border_width_all__hover_enabled=&#8221;off|hover&#8221; menu_text_color__hover_enabled=&#8221;on|hover&#8221; menu_text_color__hover=&#8221;#E76996&#8243;][/et_pb_fullwidth_menu][/et_pb_section][et_pb_section fb_built=&#8221;1&#8243; admin_label=&#8221;section&#8221; _builder_version=&#8221;4.16&#8243; global_colors_info=&#8221;{}&#8221;][et_pb_row admin_label=&#8221;row&#8221; _builder_version=&#8221;4.16&#8243; background_size=&#8221;initial&#8221; background_position=&#8221;top_left&#8221; background_repeat=&#8221;repeat&#8221; global_colors_info=&#8221;{}&#8221;][et_pb_column type=&#8221;4_4&#8243; _builder_version=&#8221;4.16&#8243; custom_padding=&#8221;|||&#8221; global_colors_info=&#8221;{}&#8221; custom_padding__hover=&#8221;|||&#8221;][et_pb_text admin_label=&#8221;Text&#8221; _builder_version=&#8221;4.17.4&#8243; text_font_size=&#8221;16px&#8221; background_size=&#8221;initial&#8221; background_position=&#8221;top_left&#8221; background_repeat=&#8221;repeat&#8221; global_colors_info=&#8221;{}&#8221;]</p>
<h1 style="text-align: center;"><span style="color: #000000;"><b>RATIONALE</b></span></h1>
<p>[/et_pb_text][et_pb_text admin_label=&#8221;Text&#8221; _builder_version=&#8221;4.17.4&#8243; text_font_size=&#8221;16px&#8221; background_size=&#8221;initial&#8221; background_position=&#8221;top_left&#8221; background_repeat=&#8221;repeat&#8221; global_colors_info=&#8221;{}&#8221;]</p>
<p style="text-align: justify;">In the Round Table: &#8220;The role of the media: in search of pro-equalitarian male role models&#8221;, held on October 21, 2022 at CIMASCIGUAL II, whose four speakers were experts from different media: Victoria Maso (À Punt Media TV), Carolina Pecharromán (TVE. Objetivo Igualdad), Ana Requena Aguilar (eldiario.es) and Marta Pastor (RTVE. Ellas pueden. Radio 5), showed the need to work on pro-equal masculinities in the audiovisual and communication media, a topic that is still hardly addressed today.</p>
<p style="text-align: justify;">For this reason, this CIMASCIGUAL III aims to promote a collective reflection in the audiovisual and communication media on the need for their involvement in the issue of gender equality between women and men, through the audiovisual representations that will be shown. Themes such as gender equality, the socio-cultural construction of masculinity, the prevention of gender violence against boys, young men and men, corporeality and care, sport, male sexuality (pornography, prostitution, etc.), co-responsibility, emotions, religion, leisure, etc. will be addressed. </p>
<p style="text-align: justify;">We will pay special attention to audiovisual products that promote non-macho, depatriarchalized and pro-equal masculinities.</p>
<p style="text-align: justify;">We will present the gender perspective, the feminist approach and intersectionality in a transversal way. We will present lectures, papers and communications from different countries, universities and disciplines.</p>
<p style="text-align: justify;">The main objective of this event (in which numerous media and audiovisual media, Spanish and foreign universities, companies and foundations, municipalities and associations of women and men of equal status, various masters and doctoral programs in gender studies, etc. will collaborate) is to hold an international academic congress focused on the socialization exerted by the cultural industries, audiovisual and communication media in relation to gender equality or inequality in the child, adolescent, young and adult population. ) is to hold an international academic congress focused on the socialization exercised by cultural industries, audiovisual and communication media in relation to gender equality or inequality in the child, adolescent, young and adult population, focusing on the representations of men and masculinity.</p>
<p style="text-align: justify;">As we always defend from CIMASCIGUAL, nobody said that gender equality is something that can be achieved quickly and easily, but we have no doubt that without men this goal will be impossible to achieve. In addition to legal-normative gender equality (which we already have in our country), in order to achieve real and effective equality in all social spheres and in everyday life, men must join this feminist social revolution/transformation, and for this the celebration of this type of congresses focused on the representations of men and masculinities in media is essential.</p>
<p>[/et_pb_text][/et_pb_column][/et_pb_row][/et_pb_section][et_pb_section fb_built=&#8221;1&#8243; disabled_on=&#8221;on|on|on&#8221; _builder_version=&#8221;4.17.4&#8243; _module_preset=&#8221;default&#8221; disabled=&#8221;on&#8221; global_colors_info=&#8221;{}&#8221;][et_pb_row _builder_version=&#8221;4.17.4&#8243; _module_preset=&#8221;default&#8221; global_colors_info=&#8221;{}&#8221;][et_pb_column type=&#8221;4_4&#8243; _builder_version=&#8221;4.17.4&#8243; _module_preset=&#8221;default&#8221; global_colors_info=&#8221;{}&#8221;][:en _i=&#8221;0&#8243; _address=&#8221;3.0.0.0&#8243; theme_builder_area=&#8221;post_content&#8221; /][: _i=&#8221;1&#8243; _address=&#8221;3.0.0.1&#8243; theme_builder_area=&#8221;post_content&#8221; /][/et_pb_column][/et_pb_row][/et_pb_section]</p>

<p>RATIONALEIn the Round Table: &#8220;The role of the media: in search of pro-equalitarian male role models&#8221;, held on October 21, 2022 at CIMASCIGUAL II, whose four speakers were experts from different media: Victoria Maso (À Punt Media TV), Carolina Pecharromán (TVE. Objetivo Igualdad), Ana Requena Aguilar (eldiario.es) and Marta Pastor (RTVE. Ellas pueden. Radio 5), [&hellip;]</p>

<p>[et_pb_section fb_built="1" _builder_version="4.2.2" background_color="#000000" custom_padding="0px||0px|||" global_module="5968" global_colors_info="{}"][et_pb_row _builder_version="4.16" global_colors_info="{}"][et_pb_column type="4_4" _builder_version="4.16" global_colors_info="{}"][et_pb_image src="https://congresomasculinidades3.umh.es/files/2022/03/4CABECERA-cimascigual2.jpg" alt="Segundo Congreso Internacional Sobre Masculinidades e Igualdad Educación para la igualdad y Co(Educación)" url="https://congresomasculinidades2.umh.es/" _builder_version="4.16" global_colors_info="{}"][/et_pb_image][/et_pb_column][/et_pb_row][/et_pb_section][et_pb_section fb_built="1" fullwidth="on" _builder_version="4.16" global_colors_info="{}"][et_pb_fullwidth_menu menu_id="7135" fullwidth_menu="off" active_link_color="#E76996" _builder_version="4.16" menu_font="|700||on|||||" menu_text_color="#FFFFFF" menu_font_size="14pt" background_color="#3A3B3D" text_orientation="center" border_color_all="#E02B20" global_colors_info="{}" border_width_all__hover_enabled="off|hover" menu_text_color__hover_enabled="on|hover" menu_text_color__hover="#E76996"][/et_pb_fullwidth_menu][/et_pb_section][et_pb_section fb_built="1" admin_label="section" _builder_version="4.16" global_colors_info="{}"][et_pb_row admin_label="row" _builder_version="4.16" background_size="initial" background_position="top_left" background_repeat="repeat" global_colors_info="{}"][et_pb_column type="4_4" _builder_version="4.16" custom_padding="|||" global_colors_info="{}" custom_padding__hover="|||"][et_pb_text admin_label="Text" _builder_version="4.16" text_font_size="16px" background_size="initial" background_position="top_left" background_repeat="repeat" global_colors_info="{}"]</p><h1 style="text-align: center;"><span style="color: #000000;"><b>JUSTIFICACIÓN</b></span></h1><p>[/et_pb_text][et_pb_text admin_label="Text" _builder_version="4.17.4" text_font_size="16px" background_size="initial" background_position="top_left" background_repeat="repeat" hover_enabled="0" global_colors_info="{}" sticky_enabled="0"]</p><p style="text-align: justify;">En la Mesa Redonda: “El Papel de los Medios de Comunicación: en busca de referentes de modelos de hombres pro-igualitarios”, celebrada el 21 de octubre de 2022 en el CIMASCIGUAL II, cuyas cuatro ponentes fueron expertas de diversos medios de comunicación:  Victoria Maso (À Punt Media TV), Carolina Pecharromán (TVE. Objetivo Igualdad), Ana Requena Aguilar (eldiario.es) y Marta Pastor (RTVE. Ellas pueden. Radio 5), se evidenció la necesidad de trabajar las masculinidades proigualitarias en los medios audiovisuales y de comunicación, tema apenas tratado aún hoy en día.</p><p style="text-align: justify;">Por ello, en este CIMASCIGUAL III se pretende favorecer una reflexión colectiva en los medios audiovisuales y de comunicación sobre la necesidad de su implicación en la cuestión de la igualdad de género entre mujeres y hombres, a través de las representaciones audiovisuales que se muestren. Se abordarán temáticas tales como: la igualdad de género, la construcción sociocultural de la masculinidad, la prevención de las violencias de género destinada a niños, jóvenes y hombres, la corporalidad y el cuidado, el deporte, la sexualidad masculina (pornografía, prostitución, etc.), la corresponsabilidad, las emociones, la religión, el ocio, etc.</p><p style="text-align: justify;">Daremos especial atención a los productos audiovisuales que promuevan masculinidades no machistas, despatriarcalizadas y proigualitarias.</p><p style="text-align: justify;">Tendremos presente de manera transversal la perspectiva de género, el enfoque feminista y la interseccionalidad. Presentaremos conferencias, ponencias y comunicaciones procedentes de diversos países, universidades, disciplinas.</p><p style="text-align: justify;">Nuestro propósito prioritario en este evento (en el que colaborarán numerosos medios de comunicación y audiovisuales, universidades españolas y extranjeras, empresas y fundaciones, ayuntamientos y mancomunidades, asociaciones de mujeres y de hombres igualitarios, diversos másteres y doctorados de estudios de género, etc.) es celebrar un congreso académico internacional enfocado en la socialización que ejercen las industrias culturales, los medios audiovisuales y los de comunicación en relación a la igualdad o desigualdad de género de la población infantil, adolescente, joven y adulta, centrándonos en las representaciones de los varones y la masculinidad.</p><p style="text-align: justify;">Como siempre defendemos desde el CIMASCIGUAL, nadie dijo que la igualdad de género sea algo que se consiga rápida y fácilmente, pero no nos cabe la menor duda de que sin los hombres, esa meta será imposible de alcanzar. Para que además de la igualdad de género legal-normativa (que ya tenemos en nuestro país) se consiga la verdadera igualdad real y efectiva en todas las esferas sociales y en la cotidianidad, han de sumarse los hombres a esta revolución/transformación social feminista, y para ello, la celebración de este tipo de congresos centrados en las representaciones de los hombres y las masculinidades en los medios de comunicación y audiovisuales resulta imprescindible.</p><p>[/et_pb_text][/et_pb_column][/et_pb_row][/et_pb_section]</p>
